r when i is divided by q?
4
Let o(z) = -2*z**3 + 3*z**2 + 3*z + 2. Suppose 0 = 29*t + 885 - 2915. What is the remainder when t is divided by o(-2)?
22
Suppose 0 = 4*h - 8, -2*h + 254 = -0*r + 5*r. Calculate the remainder when r is divided by 13.
11
Let v(p) = -p**3 - p**2 + 3*p + 3. What is the remainder when -4*1/(-4) - -3 - -43 is divided by v(-3)?
11
Suppose -3*x - 47 = -4*x. What is the remainder when 327 is divided by x?
45
Suppose 26 = 2*k - 12. Let v be ((-468)/(-8))/((-2)/4). Calculate the remainder when (-3)/1 - v/3 is divided by k.
17
Let k = 394 - 281. Suppose -59 = -4*j + k. What is the remainder when j is divided by 15?
13
Let y = 122 + -106. Let i(q) = -37*q + 9. Let n(f) = -19*f + 5. Let b(m) = 4*i(m) - 7*n(m). Calculate the remainder when b(-3) is divided by y.
14
Let c = -15 - -37. What is the remainder when 43 is divided by c?
21
Suppose 4*y + k - 30 = -k, y - 3*k = -10. Let g = y + 12. Suppose -4*p - 20 = 0, w - 5*p = -3*w + 45. What is the remainder when g is divided by w?
2
Let a = -14 + 29. Let u(s) = s**2 - s + 58. What is the remainder when u(0) is divided by a?
13
Suppose -2*a = -0*a - 8. Let j be (-2)/3 + (-4)/(-6). Suppose -a*x - 4*o + 108 = -j*o, 3*o = -x + 37. Calculate the remainder when 64 is divided by x.
20
Suppose -5*l + 514 = -206. Suppose l = 4*r - r. What is the remainder when r is divided by 17?
14
Suppose 0 = 8*o - o - 497. Suppose 2*z + 5*d - 48 = 0, -4*z + 4*d + 50 = -46. What is the remainder when o is divided by z?
23
Let b = 7 + -7. Suppose 2*o + 7*s - 118 = 3*s, b = 5*o - 4*s - 281. Calculate the remainder when o is divided by 0 - -2 - 1 - -14.
12
Let u be (-1 - 0) + 17/1. Suppose u = -4*n + 8*n. Calculate the remainder when 14 is divided by n.
2
Let o(a) = -a**2 - 11*a - 5. Let z be o(-8). Suppose 0 = 3*f + 5*u + z, 0*u - 7 = -f + u. What is the remainder when f is divided by (-1 - (-6)/4)*4?
0
Suppose -5*v = -3*m + 947, 0 = -3*v + 2*v + 2. Calculate the remainder when 26 is divided by 1/(-4) + m/44.
5
Let z = 21 - 14. Calculate the remainder when z is divided by 2.
1
Let j(h) = -4*h - 7. Let y(r) = 10*r**2 + r. Let k(i) = i + 4. Let x be k(-6). What is the remainder when y(x) is divided by j(-5)?
12
Suppose 25 = 3*b - 11. Suppose 2*g = -3 - 7. Calculate the remainder when g/15 - 309/(-9) is divided by b.
10
Let x = 2 - 23. Let k = 38 + x. Calculate the remainder when 67 is divided by k.
16
Let p(o) = -o**3 - 3*o**2 + 3*o - 6. Calculate the remainder when 113 is divided by p(-5).
26
Let v(h) = -h**2 + 6*h + 26. What is the remainder when 36 is divided by v(7)?
17
Calculate the remainder when ((-36)/7)/(6/(-42)) is divided by 19.
17
Suppose -4*g + 22 = 6. Let t be (-14 + 2)/(24/64). What is the remainder when (16/t)/((-2)/28) is divided by g?
3
Let j(m) = 27*m**3 - 1. Let y be (-1)/(-2) - 34/(-4). Let d = y + -2. Calculate the remainder when j(1) is divided by d.
5
Let l(j) = j - 1. Let n be l(1). Suppose 3*u + n*u = 6. Suppose 0 = d - 3*d + 2. Calculate the remainder when u is divided by d.
0
Suppose 7*g = g - 126. Let b = 45 + g. Calculate the remainder when 94 is divided by b.
22
Suppose 2*v - 6 = 5*m - 2*m, 0 = -3*v + 2*m + 14. Let q(k) be the second derivative of -k**3/6 + 4*k**2 - 2*k. What is the remainder when q(v) is divided by 1?
0
Let f = 227 + -141. Calculate the remainder when f is divided by 22.
20
Let u be 6 - (-1 - 2 - -2). Suppose -h + 7 = -u. Let f = -37 - -77. Calculate the remainder when f is divided by h.
12
Let i = 28 + 24. Let t be 77/(-5) - (-6)/(-10). What is the remainder when i is divided by 0 - 0 - (t + -2)?
16
Suppose -x + 164 = 5*t, t + 3*x = 6*x + 20. What is the remainder when t is divided by 7?
4
Let p = -111 + 166. Calculate the remainder when p is divided by 29.
26
Let g = -13 + 29. Calculate the remainder when ((-682)/55)/((-1)/5) is divided by g.
14
Suppose 567 = 22*d + 61. Calculate the remainder when 70 - 2 - (0 + 1) is divided by d.
21
Suppose 19 = 3*c - 5. What is the remainder when ((-117)/(-18) - 7)*(-44 + 0) is divided by c?
6
Let l = 11 + -1. What is the remainder when l is divided by 4?
2
Let w = -73 - -92. Calculate the remainder when 34 is divided by w.
15
Let n(s) = -3*s + 7*s - 7 + 4*s - s**2 + 3*s. Let b be n(10). What is the remainder when (-1)/b - (-426)/9 is divided by 16?
15
Let g = 2 - -3. Suppose 0 = 20*d - 5*d - 255. What is the remainder when d is divided by g?
2
Suppose 3*w - 100 = 2. Let k be (4/6)/(6/387). Let p = k + -31. Calculate the remainder when w is divided by p.
10
Suppose -6*n = 4*t - 4*n - 24, 0 = 2*t + 5*n - 28. What is the remainder when 13 is divided by t?
1
Let v(z) = -10*z. Let q(x) = -2*x - 10. Let u be q(7). Let f = u - -41. Calculate the remainder when f is divided by v(-1).
7
Suppose -2*n - 2*o + 32 = 2*n, -4*n + 4*o + 20 = 0. Calculate the remainder when 11 is divided by n.
4
Suppose -w + 40 = 3*w. Let c = w - 1. What is the remainder when 17 is divided by c?
8
Suppose 3 = 4*w - 5*w. Let q = -3 - w. Suppose a = -q*a + 23. What is the remainder when a is divided by 13?
10
Suppose 5*o + 2*a = 16, -2*o + 3*a + 2 = 7. Suppose 5 + 1 = 2*i. What is the remainder when i is divided by o?
1
Let u(z) = z**2 + 4*z - 1. Let x be u(-5). Let m = x + -38. What is the remainder when (-1)/(1/m) - -1 is divided by 9?
8
Suppose 3*j = -l - 14, 0 = -4*l + l + 2*j + 13. Let n be (-10)/(l + -1 - -1). Calculate the remainder when (-264)/n + (-2)/5 is divided by 14.
12
Suppose 2*z = 231 + 95. Let d = -53 + z. Calculate the remainder when d is divided by 28.
26
Let c(s) = -4*s**3 - 5*s**2 - 4*s + 5. Let r(t) = -3*t**3 - 6*t**2 - 4*t + 5. Let a(o) = 2*c(o) - 3*r(o). What is the remainder when a(-5) is divided by 13?
11
Let j(r) = -r**2 + r + 1. Let s(p) = p**2 - 3*p. Let h(q) = 2*j(q) + s(q). Let d be h(0). What is the remainder when 20 is divided by (-28)/6*(-3)/d?
6
Suppose 0 = 5*s - 10*s + 150. Suppose 0 = -11*n - 5*n + 256. Calculate the remainder when s is divided by n.
14
Let d(l) = -2*l. Suppose -5*g - 15 - 5 = -2*c, -3*c - 2*g + 11 = 0. What is the remainder when c is divided by d(-1)?
1
Suppose 6*m + 66 = 9*m. Suppose 2*z + 0*i = -5*i - 6, -z + 5*i = -12. What is the remainder when 53/11 - m/(-121) is divided by z?
1
Let y(v) = -v - 18. What is the remainder when y(-23) is divided by 1 + -1 + 2*1?
1
Suppose -s - 41 - 19 = 0. Suppose 0 = c - 3*w - 17, -8 = -3*c - w + 13. Calculate the remainder when 9 is divided by c*(-5)/(s/9).
3
Let i be ((-6)/(-5))/(6/15). Suppose -6 - i = -b. Suppose 0 = 3*g + b, 0 = 3*j + j + 4*g - 40. Calculate the remainder when j is divided by 5.
3
Suppose -22 = -q + 9. Let x = -14 + q. What is the remainder when 32 is divided by x?
15
Let i = -73 - -28. Let o = -32 - i. What is the remainder when 51 is divided by o?
12
Calculate the remainder when (-1 - (0/2 - 0)) + 135 is divided by 34.
32
Let q = -15 + 39. What is the remainder when 70 is divided by q?
22
Suppose -3*a + 4*s + 125 = -154, 0 = 2*s. Calculate the remainder when a is divided by 24.
21
Let g = -43 + 71. What is the remainder when 75 is divided by g?
19
What is the remainder when 2/(-19) + (-6012)/(-76) is divided by 27?
25
Let y(b) = -18*b - 1. Calculate the remainder when 65 is divided by y(-1).
14
Suppose -3*p = -23 - 94. What is the remainder when p is divided by 14?
11
Suppose 3*q = -2*q + 25. Calculate the remainder when 2 - (-24)/(3 + -1) is divided by q.
4
Let q be 429/(-4) - 3/4. Calculate the remainder when 1/((-1)/(-40)) - 2 is divided by (-2)/4 + q/(-8).
12
Let o = 3 + -9. What is the remainder when 26/6 - o/(-18) is divided by 2?
0
Suppose -d + 0*d = 0. Suppose 5*w + 7 = 27. Suppose d = 4*t - 2*n + 3*n - 10, -t + w = n. What is the remainder when 4 is divided by t?
0
Suppose 2*h = -4*j + 42, -j + h + 15 = j. Calculate the remainder when j is divided by 5.
4
Let t(b) = b**3 - 9*b**2 - b + 13. Suppose -34 = -2*n - 3*l, 3*n - 50 = -0*n - 4*l. Calculate the remainder when n is divided by t(9).
2
Suppose 130 = 4*s - 2*t, 3*t + 71 = s + s. Let o(u) be the second derivative of -u**3/6 + 9*u**2/2 - 2*u. What is the remainder when s is divided by o(-7)?
15
Let q(d) be the third derivative of d**5/60 + 5*d**4/24 + d**3/2 - 3*d**2. Let v be q(-5). Suppose b + 18 = v*b. What is the remainder when 17 is divided by b?
8
Let y(k) be the third der